 43, 331
List the prime factors of 42509.
42509
What are the prime factors of 1387581?
3, 13, 47, 757
What are the prime factors of 1047379?
1047379
What are the prime factors of 2318101?
23, 100787
List the prime factors of 1480933.
1480933
What are the prime factors of 18705460?
2, 5, 149, 6277
List the prime factors of 489861.
3, 18143
List the prime factors of 5737048.
2, 41, 17491
What are the prime factors of 3628845?
3, 5, 11, 7331
What are the prime factors of 7561412?
2, 1301, 1453
List the prime factors of 5982072.
2, 3, 249253
List the prime factors of 34423.
29, 1187
List the prime factors of 5312713.
7, 29, 26171
List the prime factors of 2938272.
2, 3, 127, 241
List the prime factors of 339908.
2, 84977
What are the prime factors of 165239?
373, 443
List the prime factors of 17118997.
7, 2445571
List the prime factors of 211201.
127, 1663
List the prime factors of 4741668.
2, 3, 131713
List the prime factors of 148338.
2, 3, 41, 67
What are the prime factors of 581191?
13, 19, 181
List the prime factors of 37271301.
3, 12423767
What are the prime factors of 5255433?
3, 583937
List the prime factors of 382838.
2, 67, 2857
What are the prime factors of 816658?
2, 19, 21491
List the prime factors of 272814.
2, 3, 41, 1109
What are the prime factors of 362969?
362969
What are the prime factors of 438014?
2, 389, 563
What are the prime factors of 11788286?
2, 5894143
What are the prime factors of 274474?
2, 19, 31, 233
List the prime factors of 81795.
3, 5, 7, 19, 41
List the prime factors of 495911.
13, 37, 1031
List the prime factors of 351136.
2, 10973
What are the prime factors of 176774?
2, 13, 523
List the prime factors of 1449581.
7, 157, 1319
List the prime factors of 302308.
2, 75577
What are the prime factors of 196712?
2, 67, 367
List the prime factors of 211144.
2, 26393
What are the prime factors of 10457?
10457
List the prime factors of 21181.
59, 359
What are the prime factors of 904057?
7, 11, 59, 199
List the prime factors of 3960937.
3960937
List the prime factors of 262598.
2, 7, 18757
What are the prime factors of 440679?
3, 146893
What are the prime factors of 9267?
3, 3089
List the prime factors of 6542376.
2, 3, 101, 2699
What are the prime factors of 5832773?
73, 79901
List the prime factors of 5004415.
5, 13, 76991
List the prime factors of 357657.
3, 29, 4111
List the prime factors of 4141456.
2, 11, 23531
What are the prime factors of 255281?
13, 73, 269
What are the prime factors of 1241142?
2, 3, 7, 29, 1019
List the prime factors of 1289709.
3, 37, 1291
What are the prime factors of 205925?
5, 8237
What are the prime factors of 301508?
2, 75377
What are the prime factors of 10165528?
2, 37, 61, 563
What are the prime factors of 7203273?
3, 7, 11, 31183
List the prime factors of 9688964.
2, 2422241
List the prime factors of 6401.
37, 173
What are the prime factors of 3983568?
2, 3, 37, 2243
What are the prime factors of 3722825?
5, 148913
What are the prime factors of 10196631?
3, 377653
List the prime factors of 22777062.
2, 3, 7, 11, 7043
What are the prime factors of 3514592?
2, 109831
What are the prime factors of 524076?
2, 3, 7, 17, 367
List the prime factors of 11742.
2, 3, 19, 103
What are the prime factors of 3367864?
2, 19, 22157
What are the prime factors of 377809?
377809
What are the prime factors of 183201?
3, 79, 773
What are the prime factors of 353560?
2, 5, 8839
What are the prime factors of 9384334?
2, 269, 17443
List the prime factors of 14611846.
2, 7305923
List the prime factors of 490291.
23, 21317
What are the prime factors of 390592?
2, 17, 359
List the prime factors of 1037395.
5, 207479
What are the prime factors of 612784?
2, 38299
List the prime factors of 5291.
11, 13, 37
What are the prime factors of 2987334?
2, 3, 7, 1129
What are the prime factors of 190973?
353, 541
What are the prime factors of 219732?
2, 3, 18311
List the prime factors of 814634.
2, 407317
List the prime factors of 2866716.
2, 3, 79631
What are the prime factors of 13596493?
127, 151, 709
What are the prime factors of 232471?
37, 61, 103
What are the prime factors of 3107442?
2, 3, 13, 39839
List the prime factors of 12667084.
2, 29, 109199
What are the prime factors of 541236?
2, 3, 23, 37, 53
List the prime factors of 8669501.
8669501
List the prime factors of 19236311.
2557, 7523
List the prime factors of 10936.
2, 1367
What are the prime factors of 727260?
2, 3, 5, 17, 23, 31
What are the prime factors of 1010785?
5, 113, 1789
List the prime factors of 21939714.
2, 3, 541, 751
List the prime factors of 105115.
5, 21023
What are the prime factors of 7826043?
3, 19, 31, 43, 103
What are the prime factors of 4185434?
2, 11, 17, 19, 31
What are the prime factors of 314596?
2, 78649
What are the prime factors of 9529824?
2, 3, 53, 1873
What are the prime factors of 468565?
5, 31, 3023
What are the prime factors of 1235109?
3, 411703
List the prime factors of 161235.
3, 5, 3583
What are the prime factors of 185558?
2, 92779
What are the prime factors of 69299?
23, 131
What are the prime factors of 1301840?
2, 5, 16273
List the prime factors of 8553317.
8553317
What are the prime factors of 49464?
2, 3, 229
List the prime factors of 1662986.
2, 13, 167, 383
What are the prime factors of 4421504?
2, 34543
What are the prime factors of 590789?
73, 8093
List the prime factors of 6448366.
2, 43, 97, 773
List the prime factors of 16146287.
1619, 9973
List the prime factors of 86258.
2, 17, 43, 59
List the prime factors of 7064835.
3, 5, 29, 109, 149
What are the prime factors of 96823?
96823
List the prime factors of 6216511.
7, 331, 2683
List the prime factors of 4805608.
2, 600701
What are the prime factors of 3182589?
3, 353621
What are the prime factors of 1272961?
1272961
List the prime factors of 4115524.
2, 7, 146983
What are the prime factors of 5630423?
23, 229, 1069
List the prime factors of 192989.
59, 3271
What are the prime factors of 18361?
7, 43, 61
What are the prime factors of 506942?
2, 47, 5393
List the prime factors of 446518.
2, 223259
What are the prime factors of 1153465?
5, 230693
What are the prime factors of 3373585?
5, 674717
What are the prime factors of 74318?
2, 37159
List the prime factors of 817912.
2, 19, 5381
List the prime factors of 1786708.
2, 7, 11, 5801
What are the prime factors of 819002?
2, 283, 1447
What are the prime factors of 59635?
5, 11927
What are the prime factors of 366260?
2, 5, 18313
What are the prime factors of 4705651?
17, 131, 2113
List the prime factors of 2181690.
2, 3, 5, 7, 3463
List the prime factors of 3056908.
2, 59, 12953
List the prime factors of 7444427.
7444427
What are the prime factors of 5930724?
2, 3, 313, 1579
List the prime factors of 27254107.
27254107
List the prime factors of 2344554.
2, 3, 130253
What are the prime factors of 627365?
5, 271, 463
What are the prime factors of 20042?
2, 11, 911
What are the prime factors of 5582202?
2, 3, 137, 6791
What are the prime factors of 1287535?
5, 19, 13553
What are the prime factors of 495310?
2, 5, 49531
List the prime factors of 6787750.
2, 5, 19, 1429
List the prime factors of 1736372.
2, 11, 19, 31, 67
What are the prime factors of 197457?
3, 13, 61, 83
What are the prime factors of 3471666?
2, 3, 11, 23, 2287
List the prime factors of 243335.
5, 41, 1187
What are the prime factors of 903311?
903311
What are the prime factors of 4658222?
2, 809, 2879
List the prime factors of 783825.
3, 5, 7, 1493
List the prime factors of 405911.
11, 36901
List the prime factors of 4767454.
2, 227, 10501
What are the prime factors of 17612100?
2, 3, 5, 11, 593
What are the prime factors of 330415?
5, 66083
List the prime factors of 3802752.
2, 3, 3301
List the prime factors of 12319065.
3, 5, 11, 41, 607
What are the prime factors of 8828227?
8828227
List the prime factors of 213757.
59, 3623
List the prime factors of 210738.
2, 3, 11, 31, 103
What are the prime factors of 6394871?
7, 191, 4783
List the prime factors of 519031.
519031
List the prime factors of 4473305.
5, 41, 21821
What are the prime factors of 3635767?
3635767
What are the prime factors of 3749108?
2, 11, 139, 613
What are the prime factors of 399928?
2, 49991
List the prime factors of 1020097.
13, 131, 599
What are the prime factors